uppose 10 = -5*s + 10*s. Suppose s*n + n = 4980. Suppose -2*o = 2*o - n. Is o a composite number?
True
Suppose -11 = 7*j - 46. Suppose 2*c + 0*k + j*k - 13 = 0, -2*k + 6 = c. Is 778107/221 - c/(-26) prime?
False
Suppose 181893 = 33*g - 7728174. Is g a prime number?
True
Let x(n) be the second derivative of 94*n**3 - 115*n**2/2 - 56*n. Is x(5) a composite number?
True
Let s(x) = -32*x + 49. Suppose -w - 22 = -0*w. Let j be s(w). Suppose 8*g = 11*g - j. Is g a prime number?
True
Let f(h) = -h**3 + h**2 - h + 24. Let v be f(0). Let g = v + -22. Is ((-1)/g)/(3/6)*-317 prime?
True
Is (-11 + 10)*(-115062 + 5) composite?
False
Suppose -33*o - 2721989 = -50*o. Is o a prime number?
True
Let z(k) = 8*k**2 + 13*k + 29. Let i be z(-4). Is (102954/15)/1 - 63/i composite?
False
Let i(p) = -7*p**2 + 7*p + 75902. Is i(0) a composite number?
True
Suppose -18*p + 242 = 4*p. Suppose 8192 = -p*n + 23119. Is n prime?
False
Let g = -212 - -467. Suppose -x + g = -47. Suppose 849 = c - x. Is c composite?
False
Let g = -16700 - -159127. Is g composite?
False
Is 1637/(3/(-8) + (-2905)/(-7640)) a prime number?
False
Let w(p) = 536*p + 963. Is w(19) prime?
False
Suppose -4500765 = -14*i + 8276069. Is i composite?
False
Let v(c) = 5*c**2 - 9*c - 13*c + 17 - c. Is v(22) prime?
True
Let u be 2110 - (100/(-4))/5. Let w = u - 1276. Is w a prime number?
True
Let i be (-564)/(-9)*171/6. Let x = -927 + i. Let n = 1256 - x. Is n prime?
True
Is (616/(-140))/((-24)/7039140) composite?
True
Suppose -2*m = -2*s + 2, 2*m = -3*s - 2*m + 10. Suppose 3*o - 1302 - 4744 = -s*c, 3*c + 8033 = 4*o. Let t = o - 1159. Is t prime?
True
Let p = 76354 + 17925. Is p prime?
False
Let t be ((-3)/2)/((-3)/4). Suppose t*s + 36 = -4*s. Is 152/(-4)*s/4 a prime number?
False
Let i(g) = 44*g**2 + 29*g - 4. Suppose x = -23*n + 20*n + 8, -4*x = 4*n - 8. Is i(n) a composite number?
False
Suppose 5*r = -21*r + 104. Is 219447/39 + 0 - r/(-26) a prime number?
False
Let g be 1/((-2)/(-19)) + (-6)/12. Suppose 0 = 4*q - 4*h - 56444, -g*q = -8*q + h - 14111. Is q a composite number?
True
Suppose -x + 683857 = -5*o, 134*x + 5*o - 683917 = 133*x. Is x a composite number?
False
Suppose -s + 2544 = 3*s - 4*o, -5*o = s - 642. Suppose s = 3*i - 1598. Suppose -5*j = 5*h - 705, 5*h - j = 4*j + i. Is h a composite number?
True
Suppose -4*x - 246 = 3*q + 2*q, 5*q = -3*x - 182. Let g = -60 - x. Suppose g*w - 1880 = -4*w. Is w composite?
True
Suppose -5*z - s + 8523 = 0, 2*z - 8*s + 5*s = 3399. Let b = 4337 - z. Is b a prime number?
True
Let s be 3/2 - (-273)/(-182). Suppose -22*v + 36*v - 34762 = s. Is v a composite number?
True
Let j(x) = -653*x + 270. Let s(z) = 327*z - 136. Let t(w) = 4*j(w) + 7*s(w). Is t(-13) composite?
False
Suppose -6688835 + 323018 - 2187507 = -12*w. Is w prime?
False
Suppose 9*m - 4*m - 5*u = 738090, -m - 4*u = -147623. Is m a composite number?
True
Let u(r) = -38*r + 106. Let m be u(-31). Suppose -5*a + m = -4171. Is a composite?
False
Let i(g) = g - 1. Let k(d) = -967*d + 162. Let m(n) = 5*i(n) - k(n). Is m(23) a composite number?
False
Suppose 49 = -4*k + 3*k - 5*t, -k = 2*t + 34. Let w = k + 75. Suppose 487 = -w*n + 52*n. Is n a prime number?
True
Let u = 362299 + -205320. Is u a composite number?
False
Suppose 0 = 9*i - 4*i, -4*u + 2*i = -75064 + 8772. Is u composite?
False
Suppose o = 16*k - 20*k + 28694, -5*k = o - 35867. Suppose 5*w = -r + 8*w + 7189, -w = r - k. Is r a composite number?
False
Suppose -3*q - 242 = -32. Let c = -28 - q. Let y = c - -85. Is y prime?
True
Suppose -5*b + 4 = 2*y, 4*y - 2*y + 2*b = 4. Let l(i) = -98*i**2 + 149*i**2 + 7 - i + 72*i**y. Is l(-3) prime?
True
Let j(n) be the third derivative of n**5/30 + 11*n**4/24 + n**3/2 + 10*n**2. Let s be j(-5). Is 260 - (s - (-2 - -3)) composite?
False
Let o(m) = 1336*m**3 - 5*m + 6. Let v = -86 + 87. Is o(v) composite?
True
Is 0 + (10 - 5) + 1589930 prime?
False
Let w(n) = -5*n**3 - 7*n**2 + 14*n - 6. Let i(t) = 6*t**3 + 7*t**2 - 13*t + 5. Let r(c) = 4*i(c) + 5*w(c). Let x be r(-16). Suppose -156 + x = 10*l. Is l prime?
False
Suppose 0 = 5*q + 3*d - 574114, -43*q - 5*d = -39*q - 459273. Is q prime?
True
Let a be 65/26*(-3282)/(-15). Suppose 0 = 4*w + 16, -3*w + 20 = 4*v + 2*w. Let p = a + v. Is p prime?
True
Let x = 8925 + 75310. Let s = -16844 + x. Is s a prime number?
True
Let n(d) = 2*d - 11. Let f be ((-15)/(-9))/((-15)/(-54)). Let h be n(f). Suppose -4*c - h = -5, 0 = u - 4*c - 63. Is u prime?
True
Let q(d) = -2*d**2 + 14*d - 30. Let k be q(4). Is 6 + k - 3 - -8498 composite?
True
Suppose l - 144 = 2*f + 2*f, 2*f - 2*l = -66. Let q = -37 - f. Suppose 101 = 3*v + 2*k, q = -v + 2*k + 3*k + 45. Is v a prime number?
False
Let y be 27114 + -1*15/5. Let g = y - -128. Is g composite?
False
Let x = 85 - 56. Let s = 43 - x. Suppose 3*y + 5401 = s*y. Is y composite?
False
Let z(p) = -13*p - 32. Let m be z(-3). Suppose m*b - 190858 = 109043. Is b composite?
True
Let m(l) = 4*l - 25. Let i be m(7). Let w(a) = 10*a**2 + 5. Let q be w(6). Suppose 0 = -d + 5*o + q + 54, -i*o - 6 = 0. Is d a composite number?
False
Let b(o) = -4062*o - 2249. Is b(-16) composite?
False
Is 11470 - ((24 - 13) + -18) prime?
False
Let t(y) be the first derivative of -y**2/2 + 19*y + 10. Let n be t(16). Is (-62)/(n/54*-3) + 1 composite?
False
Suppose 4*i = -5*f + 289, -2*f = 2*f + 5*i - 233. Let x = 60 - f. Is ((-2)/x)/((-5)/2310*4) a prime number?
False
Let c(u) = u**2 + 3*u - 5*u - 6 + 4*u - u. Let f be c(3). Suppose -1176 - 1770 = -f*b. Is b prime?
True
Suppose 0 = -18*f + 959867 + 467520 + 284719. Is f a prime number?
False
Suppose 2*s - 4 = -s + 5*i, -2*s + 8 = 2*i. Suppose 5*h - s*a - 2437 = 4*h, h - 2437 = -a. Is h a prime number?
True
Suppose -551646 = -91*w + 328779 - 128492. Is w a composite number?
False
Suppose -94727 = -f + 4*s, -3*s + 40678 = f - 54077. Suppose 5*i = 2*c - 37884, -3*i = 5*c + i - f. Is c composite?
False
Is 3774 - -2 - (-4 + 27 - 26) a prime number?
True
Suppose 0 = -27*p + 21*p + 282. Suppose p = 2*g + 43. Suppose 0 = s + 6*u - 2*u - 62, g*u - 292 = -5*s. Is s a composite number?
True
Let u = 442 + -425. Suppose -u*m + 56682 = m. Is m a composite number?
True
Is (-12)/8*11/(66/(-3672268)) composite?
False
Let r be (-6 + 1)*(0 - 1). Suppose 0*d = d - r*z - 3516, 3*d = 4*z + 10559. Is d composite?
True
Let h(z) = 2*z**3 - z**2 - 3*z + 23. Let a be ((-5)/(-2) - 2)/((-3)/(-54)). Is h(a) a composite number?
False
Is (6 - 100/16) + (-43119)/(-12) a prime number?
True
Let q be -3 + 1 - (1 - 1). Suppose -2*h = 2*x - 12, 3*h - 3*x - 4 + 22 = 0. Is (-2)/q*2 - (h - 4089) a prime number?
True
Suppose 2*l = -w + 188881, 166*w = 163*w - 4*l + 566653. Is w a composite number?
False
Suppose -4*f + 34001 = -3*m, -4*f + 22214 = 3*m - 11793. Is f a composite number?
False
Let l be ((-1208)/6)/(1/3). Let f = 97 - l. Is f a prime number?
True
Let w(h) = -16*h**2 + 11*h - 2. Let p(q) = -15*q**2 + 10*q - 1. Let o(n) = 3*p(n) - 2*w(n). Let b be o(8). Let c = 1656 + b. Is c composite?
True
Let k(s) = 15*s**2 - 7. Let n be k(5). Suppose -2*i = -3*r + n, 2*r + 4*i - 12 = 228. Let y = -63 + r. Is y a composite number?
False
Let j = -55857 + 23670. Is j/2*(-108)/162 composite?
False
Let k be 7 + 110/(-15) - (-55)/3. Let p(x) = 5*x**3 - 10*x**2 - 12*x + 29. Is p(k) composite?
False
Let d be (-7)/56*2 - 1103331/(-12). Suppose 202914 = 18*m - d. Is m composite?
False
Let l(y) = -y**3 + 8*y**2 - 8*y + 17. Let u be l(7). Suppose -13*a + u*a - 4978 = -k, 4*k - 3*a - 19939 = 0. Is k composite?
False
Let u(b) = 1126*b**2 - 58*b - 439. Is u(-10) a prime number?
True
Let k = 35 - 11. Let w = k + -17. Suppose -186 - 16033 = -w*g. Is g a composite number?
True
Is (-102)/2193 - (-3186623)/473 a prime number?
True
Let l = -21452 - -134193. Is l a composite number?
False
Let m(o) = -o**3 + 20*o**2 + 7*o + 16. Let l be m(9). Let p = l - -553. Is p prime?
True
Suppose -4*p + 413269 = 3*y, p + 2*y + 19193 = 122514. Is p composite?
True
Suppose 22*q = 25*q + 12, -4*l + 120 = -4*q. Suppose -58602 = l*h - 32*h. Is h prime?
True
Suppose 137323 = z + x + 18836, -4*x - 355461 = -3*z. Is z a prime number?
False
Suppose 0 = 2*g + 2*u + 12, -5*g + 7*u = 2*u + 20. Is 701*g/5*-1 prime?
True
Suppose -m - k + 33364 = 3*m, 0 = -4*m - 4*k + 33352. Let t = m - 5148. Is t a composite numbe